 by i.
6
Let n(l) = -17*l - 1092. What is the remainder when 7617 is divided by n(-66)?
27
Let s(y) = -y**2 - 9*y + 10. Let i be s(-9). Suppose -235 = -5*q + i. What is the remainder when q is divided by 12/8*(-748)/(-102)?
5
Let p(c) = -27*c - 18. Suppose -4*m + 15 = -293. Suppose 0 = 8*h - h - m. Calculate the remainder when p(-3) is divided by h.
8
Let v = 96 + -65. Let o(x) = 9*x**2 + 13*x + 9. What is the remainder when v is divided by o(-2)?
12
Let c be (1/(-3))/((-23)/6417). Suppose -2*y + 3*s = -c, 3*s - 4*s - 95 = -2*y. What is the remainder when y is divided by 18?
12
Let h(j) = 10*j - 1. Let n be h(3). Suppose n + 5 = 2*k. Let p = 812 - 748. What is the remainder when p is divided by k?
13
Let q(v) = 3*v**3 + 18*v**2 - 99*v - 1. Calculate the remainder when 603 is divided by q(-6).
10
Let z(k) = 97 - 97 - k**2 + k. Let d be z(2). Calculate the remainder when 3 - 1*(d - 69) is divided by 15.
14
Let n(q) = -47*q**2 - 1978*q + 137. Suppose -5*l + 4 = -t, -2*l + 40 = 5*t + 3*l. What is the remainder when n(-42) is divided by t?
5
Suppose -4*o = -75 - 61. Let l be (-18)/((-6)/(-12)*-2). Suppose 0 = -l*a + 3187 - 775. What is the remainder when a is divided by o?
32
Suppose 0 = -47*z + 2199 + 950. Calculate the remainder when 1535 is divided by z.
61
Let u(b) = 5*b**3 + 308*b**2 + 134*b - 21. What is the remainder when u(-61) is divided by 17?
10
Let m = 29 + -18. Let j(f) = 2*f**2 + 31*f + 141. What is the remainder when j(-5) is divided by m?
3
Suppose -2*j - 4*u = -12, -j = -6*j + 4*u + 30. Let v(d) = -1 - j - 1 + 3 - 8*d. Calculate the remainder when v(-4) is divided by 8.
3
What is the remainder when (-4 - (-2 - -2))/(-10 - 40451/(-4047)) is divided by 24?
12
Let w be ((-3)/(27/24))/((-4)/6). Suppose 4*m + w + 0 = 0. What is the remainder when -6*205/(-25) + m/5 is divided by 14?
7
Let z be 47/((6 - 3)*(-2)/(-54)). Let o = 496 - z. What is the remainder when o is divided by 27?
19
Let q(a) = 0*a + 5602 - 2*a - 5581. Calculate the remainder when q(7) is divided by 2.
1
Suppose -2*r + r + 4*z + 68 = 0, 0 = 3*r + 3*z - 174. Calculate the remainder when ((-40)/(-32))/((-1)/r*-1) is divided by 19.
18
Let a = -490 - -783. Let k = a - 269. Calculate the remainder when 70 is divided by k.
22
Let f = 87 - -63. Suppose 0 = 24*i - 14*i - f. Suppose 4*z - 3*l - 23 = 5, 0 = 2*z - 2*l - 16. Calculate the remainder when i is divided by z.
3
Suppose -29 - 53 = -t + j, 0 = t - 2*j - 78. Let d(g) be the third derivative of -g**4/8 - 4*g**3/3 - 3*g**2. What is the remainder when t is divided by d(-10)?
20
Let o(b) = b**3 - 4*b**2 + 4*b + 2. Let l = 106188 + -106148. What is the remainder when o(6) is divided by l?
18
Let h be 23/46*-5*(-7 + -1). Let j be h/((-1 - 10/(-8))*-1). Let a = -53 - j. What is the remainder when 107 is divided by a?
26
Calculate the remainder when 149 is divided by 27 + (-4)/(-6)*39/(-13).
24
Calculate the remainder when 5775 is divided by 798/21 - (-12 + 9).
35
Suppose -14 = -7*g - 0*g. Suppose s - 16 = g*x, s + 0 - 4 = -2*x. What is the remainder when 1 + (-76)/(-2) - 0 is divided by s?
9
Let o be 16/20 + 1160/50. Suppose 150 = o*t - 210. What is the remainder when 64 is divided by t?
4
Let p be (-2)/(-13) - 216/(-117). Let o be (2*p/(-8))/((-15)/(-2250)). Let b = -65 - o. Calculate the remainder when b is divided by 5.
0
Suppose 5*s + 5*t + 42 = 17, -2*t - 22 = 5*s. Let x(m) = 5*m**2 - 325*m - 5. Let f be x(65). Calculate the remainder when 41 is divided by (-7)/(f/((-20)/s)).
6
What is the remainder when 344 is divided by 1048/(1 - -7) + 8?
66
Let y be (11 - (-12)/(-4)) + -3 + -1. Suppose y*o = -2*n + 6 - 0, -o = 4*n - 5. Let j(v) = -v**2 + 8*v - 10. What is the remainder when j(6) is divided by n?
0
Suppose -773*v + 20480 = 4*q - 765*v, 3*q + v - 15370 = 0. What is the remainder when q is divided by 25?
24
Let s(b) = 4*b - 2. Suppose -5*x + 30 = 5*c, -2*x - 10 = -4*c + 8. What is the remainder when (3/(18/(-128)))/(2/(-3)) is divided by s(c)?
14
Suppose -2*q + 6133 = 5*r - 20478, -2*q = 2*r - 10636. What is the remainder when r is divided by 48?
45
Suppose -4*z + 213 + 407 = 0. Suppose 531 = z*s - 152*s. Suppose 2*h + 3*m - 156 = -2*h, 4*h = 4*m + 128. What is the remainder when s is divided by h?
33
Let d(k) = -k**3 - k**2 + k - 2. Let t be d(-3). Suppose -t*f - 186 = -16*f. Calculate the remainder when f is divided by 21.
20
Suppose -71*b + 1708 = -5889. Calculate the remainder when b is divided by 43.
21
Let d be (15 + 146)*(-30)/(-21). Let b = 426 - d. What is the remainder when b is divided by 11?
9
Let j be (306/(-36))/((-1)/4). Suppose 91*d - j = 89*d. What is the remainder when 26 is divided by d?
9
Let c(z) be the first derivative of -2*z**3/3 - 17*z**2/2 - 9*z - 5. Let k be c(-8). Calculate the remainder when k + 36 + (-1 - 0) is divided by 12.
10
Suppose 3*s - 27 = -4*i + 121, -5*i + 3*s = -158. Suppose -36*d + i*d + 74 = 0. Calculate the remainder when 257 is divided by d.
35
Suppose -284 = -17*x + 2181. Let c = 159 - x. What is the remainder when 236 is divided by c?
12
Calculate the remainder when (-6 - 3297/42)*-24 is divided by 289.
5
Suppose 0 = -22*j + 30*j - 64. Let h(y) be the second derivative of -2*y**3/3 + 20*y**2 - 3*y. What is the remainder when 30 is divided by h(j)?
6
Suppose 5*l = -63 + 853. Suppose 10*p = -9*p. Suppose 5*b - 29 - 71 = p. Calculate the remainder when l is divided by b.
18
Let g(b) = -33*b + 20. What is the remainder when 916 is divided by g(0)?
16
Let p = -29489 - -29498. Let a = 1 + 1. Suppose a*s - 7 = 43. Calculate the remainder when s is divided by p.
7
Let f be 131/2 + 9 + 19/(-2). Suppose f = p - i, 0*p + 2*p + 2*i - 126 = 0. What is the remainder when 190 is divided by p?
62
Let i be (1/(-4))/(1/(-20)). Suppose -3*s - 9 = -s + 3*v, -i*v = s + 1. Calculate the remainder when 21 is divided by (s/(-12))/((-1)/(-8)).
1
Suppose 84 = 289*g - 285*g. Let x = g + 4. What is the remainder when 46 is divided by x?
21
Let u = 150 + -157. Let v = 60 + u. Calculate the remainder when v is divided by 14.
11
Suppose -1065*t + 1546*t - 8177 = 0. Let w = 8 - 5. Suppose -w*z + 95 = -94. Calculate the remainder when z is divided by t.
12
Let m(a) = 16*a**2 - 1. Let z be m(-1). Let b(v) = -2*v. Let x be b(1). Let g = z + x. Calculate the remainder when 30 is divided by g.
4
Let a(n) = -10*n + 2. Let d be a(-1). Let l be (13494/d)/(-2 - (-5)/2). Suppose -91 = -10*o + l. Calculate the remainder when o is divided by 59.
57
Suppose 4*z - 14 - 20 = 2*m, 5*z + 2*m = 29. What is the remainder when 89/(z/(-21) - 12/(-9)) is divided by 5?
4
Let s be -6 + 1 + 0 + 10. Suppose 5*i = -4*k + 68, -2*i - i + 98 = s*k. Calculate the remainder when 76 is divided by k.
10
Let x = 33 + -16. Let h(m) = m**3 + 73*m**2 + 72*m + 30. Calculate the remainder when h(-72) is divided by x.
13
Let k be 20/(-4)*1030/(-10). Suppose 0 = 229*s - 234*s + k. What is the remainder when s is divided by 48?
7
Let p be 5*(1 - 108/(-5)). Suppose p*y - 117*y + 136 = 0. Let g(o) = 2*o**2 + o + 2. What is the remainder when y is divided by g(2)?
10
Suppose 0 = s + l - 46, -3*s - 5*l + 136 = -0*s. What is the remainder when 646 is divided by s?
35
Suppose 0 = 8*f - 40 + 88. Let t(u) = -3*u**2 - 19*u + 1. What is the remainder when t(f) is divided by 2?
1
Let g(c) = -6*c + 32. Let d be g(5). Suppose -2*f - d*k = -354, 2*k = 2*f - 113 - 233. Calculate the remainder when f is divided by 16.
15
Let y(b) = 10*b - 10. Let s be y(2). Suppose 0 = -s*g - 2*g + 720. Calculate the remainder when g is divided by 16.
12
Let t = -48 + 42. Let c be (-1)/(t/(-4) - 2). Suppose c*x - 9 = -l - 1, 2*l = -8. What is the remainder when 16 is divided by x?
4
Suppose 4*f + 5*f = 261. Suppose 2*n - 191 - f = 0. Let c = n + -30. Calculate the remainder when c is divided by 9.
8
Suppose 0 = j - 5*d - 3206, -2436*j = -2432*j + d - 12761. Calculate the remainder when j is divided by 31.
29
Let i(y) = y**2 + 117*y - 60*y - 3 - 43*y. What is the remainder when 54 is divided by i(-16)?
25
Let f = 41 - 39. Suppose b = f, 4*n - 2*b + 36 = 8*n. What is the remainder when 28 is divided by n?
4
Let r(o) = o**3 - 3*o**2 - 6*o - 1. Let z = 1664 - -689. Calculate the remainder when (-2)/10 - z/(-65) is divided by r(5).
17
Let l(a) = a**3 + 5*a**2 + 7*a + 8. Let x be l(-4